**4 + 5 + 0*o**2. Let q(l) = g(l) + 4*i(l). Give q(-3).
5
Let g = 6 + -3. Let i(w) = -5*w + 5. Let a(n) = -5*n + 4. Let t(k) = -4*a(k) + 3*i(k). Let l(d) = 16*d - 4. Let y(z) = g*l(z) - 10*t(z). Give y(-3).
4
Let a be -5*(0 - (0 - 1)). Let r(n) = 9*n**2 + 5*n + 3. Let k(u) = -4*u**2 - 3*u - 2. Let l(f) = 7*k(f) + 3*r(f). Give l(a).
0
Let i(x) = -x**2 + x + 47. Let y(n) = -3*n - 64. Let g be y(-19). Let m be i(g). Let h(c) = -c**3 - 8*c**2 + 10*c + 7. Determine h(m).
-2
Let t(d) = 2*d**3 + 22*d**2 + 2*d + 29. Let a(s) = -s**3 + s**2 - s. Let w(l) = 3*a(l) + t(l). Calculate w(25).
4
Let u(v) = -v**3 + 8*v**2 + 8*v + 13. Suppose 28*r - 300 = -48. What is u(r)?
4
Suppose -5*j + 6*j + c + 8 = 0, -4*j - 3*c - 32 = 0. Let i(k) = -k**3 - 9*k**2 - 7*k - 2. What is i(j)?
-10
Let x(q) = -27*q**3 + 28*q**3 - 131*q**2 + 138*q**2 - 7*q. Calculate x(-8).
-8
Let y(x) be the first derivative of -x**2/2 - 11*x - 28. What is y(-8)?
-3
Let w(o) = -5*o**3 + 750 - 749 + 2*o**2 - 3*o**2. Calculate w(1).
-5
Let q(n) be the second derivative of -n**4/12 - 5*n**3/6 + n**2 + 25*n. What is q(0)?
2
Let k = 17 + -27. Let w be (1 + 5)*(-5)/k. Let h(s) = 2 - s**w - 1 + 4*s**2 - 34*s + 33*s. Determine h(2).
7
Let y(w) = -w**3 - 7*w**2 - 5*w + 5. Suppose -g - 2*p - 2 = 0, 2*p + 14 = -5*g - 12. What is y(g)?
-1
Let a be ((-60)/(-20))/((-3)/(-4)). Let p(x) be the second derivative of x**5/20 - 5*x**4/12 + 5*x**3/6 - 5*x**2/2 - 2*x. Determine p(a).
-1
Let o(p) = -13*p - 7. Let z(f) = 6*f + 8. Let r(w) = 30*w + 39. Let h(x) = -5*r(x) + 24*z(x). Let u(s) = 5*h(s) - 2*o(s). Calculate u(1).
-5
Let k(y) = y - 4. Suppose 3*q + 15 = -36. Let m = -21 - q. Calculate k(m).
-8
Let j(w) be the first derivative of w**7/840 - 7*w**6/360 - 7*w**5/120 - 5*w**4/24 - 16*w**3/3 - 9. Let i(f) be the third derivative of j(f). Give i(8).
3
Let b(q) = -q**3 + 4*q**2 + 4*q + 7. Let k be -6*(-2 + 7/(-84)*-14). Give b(k).
2
Let j(h) be the first derivative of h**6/120 - h**5/12 - 7*h**4/24 + h**3/3 - 3*h**2/2 + 8. Let i(m) be the second derivative of j(m). Calculate i(6).
-4
Let t(v) = -2*v**3 + 4*v**2 - 4*v - 7. Let l(k) = 3*k**3 - 5*k**2 + 4*k + 8. Let g(s) = -3*l(s) - 4*t(s). Determine g(-2).
0
Suppose 0 = -d + 2*l - l + 5, 2 = 4*d + 5*l. Let z(n) = -n + 2 - 6 + d. Let u = 1732 - 1733. Determine z(u).
0
Let q = -904 + 913. Let y(k) = -2*k**2 + 12*k + 11. Determine y(q).
-43
Let t(f) be the first derivative of -f**2 - 5*f + 3. Give t(0).
-5
Let k(h) = 2 + 1 + 2*h + 7*h**2 - 3*h - h**3. Suppose 60*t = 28*t + 224. Calculate k(t).
-4
Let u = 11/6 - 5/3. Let j(z) be the third derivative of 2/3*z**3 + z**2 + 0 + 0*z + 1/60*z**5 - u*z**4. Give j(4).
4
Let l(o) = 780*o - 143. Let f(v) = -11*v + 2. Let y(n) = 286*f(n) + 4*l(n). Determine y(1).
-26
Let o = 573 - 580. Let l(m) = -m**2 - 9*m - 5. Calculate l(o).
9
Let q(c) = -9*c + 31. Let z(n) = -4*n + 15. Let o(f) = 6*q(f) - 13*z(f). What is o(-6)?
3
Let c(d) = -5*d**2 - 4 + 2*d - 6*d + d**3 - 12*d**2 + 7*d + 15*d**2. Determine c(2).
2
Let w = -7 + 1. Let k(c) = 1 + c + 9 - 9. Let s(b) = -5*b - 2. Let a(q) = w*k(q) - s(q). Calculate a(-3).
-1
Let m(z) = z**2 + 3*z - 9. Let c(d) = -34*d - 143. Let n be c(-4). Give m(n).
19
Let a(l) = l - 13. Let m = 1016 - 995. Calculate a(m).
8
Suppose -2 - 57 = -4*z - 5*p, 2*p = 4*z - 66. Suppose l = -3*l + z. Let b(s) = -2*s - 2. What is b(l)?
-10
Let y = 0 + 6. Let a = 11 - y. Let b(p) = 0*p**2 + p**3 + a*p**2 - 2*p**3 + 6 - 5*p. Determine b(4).
2
Let z(v) = -4*v**2 + 43 - 18 + 0*v**2 - 15 - 3*v + v**3. Give z(4).
-2
Let u be (-34)/(-12) - (-2)/12. Let r(l) = l - 1 + u*l + 0*l - 2*l - l**2. Determine r(3).
-4
Let h(w) = 2*w**2 - 3*w. Let f(v) be the first derivative of v**2/2 - 3*v + 5. Let c be f(5). Calculate h(c).
2
Let g(v) = 4 - v - v**2 + v**3 - 5 + 2*v**2. Let m be g(2). Let w(l) = -l**2 + l - 1. Let a(y) = -3*y**2 - 5*y - 2. Let t(b) = a(b) - 4*w(b). Determine t(m).
2
Let l(g) = 5*g**2 + 4*g**2 + 5 - 5*g**2. Let x(t) = -23 - t + 6*t**2 - 13*t**2 + 14. Let i(p) = -5*l(p) - 3*x(p). Calculate i(-2).
0
Let m(q) = q**3 + 42*q**2 - q - 40. Let y be m(-42). Let n(l) be the second derivative of 0 + l - 1/2*l**3 + 1/2*l**y. Determine n(3).
-8
Let t(u) = 15 - 158*u**2 - 2 - 18*u**3 + 13*u + 19*u**3 + 170*u**2. Determine t(-11).
-9
Let q(g) = -3*g**3 + 4*g**2 + g - 4. Let b(s) = 4*s**3 - 4*s**2 - s + 6. Let d(t) = -4*b(t) - 5*q(t). Calculate d(-3).
-10
Let v(x) = -39*x + 9. Let w(b) = -730*b + 170. Let i(y) = -75*v(y) + 4*w(y). Determine i(-2).
-5
Let y(h) = -3*h**2 - 1. Let f(j) = 12 + 0*j + 2*j - 3*j. Let p be f(10). Suppose 5 = p*k + 3*k. Determine y(k).
-4
Let d(o) = 704 - 1394 - o**2 + 702. What is d(0)?
12
Let u(s) = -6*s**3 + 7*s**2 - s - 10. Let k(g) = -5*g**3 + 6*g**2 - g - 8. Let i(t) = 4*k(t) - 3*u(t). Give i(2).
-8
Let q(a) = a**2 - 40*a - 126. Let i be q(-3). Let u be (-4)/(-6) - (-8)/6. Let y(v) = 0 + i*v**3 + 2*v - v**3 + 2*v**u - 3*v**3 + 3. Give y(3).
0
Let g(s) = -5*s + 2. Let d be g(-1). Let w(p) = -9*p**2 + 0 + 7*p**2 + 6 - 6*p**2 + p**3 + 5*p. What is w(d)?
-8
Let o = 48 + -42. Suppose 30*v = 36*v + o. Let s(p) be the third derivative of -p**6/40 + p**4/24 + p**3/6 + p**2. Determine s(v).
3
Let j be 13 - (-105)/(-14) - 6/4. Let w(m) = -m**3 + 5*m**2 + 5*m. Determine w(j).
36
Let o be (-33)/6 + (-4)/(-8). Let q(u) be the first derivative of -u**2/2 + 2*u + 37. Calculate q(o).
7
Let w(r) = -4*r**2 - r - 6. Let c(z) = 3*z + 3*z - 8*z - 5 - 7*z**2 + 2*z**2. Let p(d) = 3*c(d) - 2*w(d). Give p(-2).
-23
Let s be 1*(-20)/(-8)*(-16)/(-10). Let z(n) = 7*n - 2. Determine z(s).
26
Let z(x) = -x**3 - x + 1. Let w = 2 + -2. Let o be z(w). Let p(a) = -o + 4*a + 0 - 3 - 5*a. What is p(0)?
-4
Let b = -12 - -11. Let z(k) be the second derivative of k**7/504 - k**6/360 - k**5/120 - k**4/12 - 3*k. Let p(x) be the third derivative of z(x). Give p(b).
6
Suppose 2*w - 5*w = 3*w. Let l(f) = -f**2 + 2*f - 7. Give l(w).
-7
Let d(m) = -m - 6. Suppose -10*h + 11*h = 0. Suppose l + 8 - 6 = h. Let f be -2 - -1*(0 - l). What is d(f)?
-6
Let x be ((-16)/5)/((-18)/45). Let s(y) = -4*y - 5 - 8*y + 13*y**2 + y**3 - x*y + 6*y. Let b be s(-14). Let c(q) = -q**2 - 6*q - 3. Give c(b).
2
Suppose -2*s = -2*d - 32, -2*d - 1 = -d. Let g(r) = s*r + 1 - 7*r + 0*r. What is g(-3)?
-23
Let i(c) = -3*c**2 - 4*c - 3. Let k = -127 - -54. Let o = k + 71. Give i(o).
-7
Suppose 6 + 9 = -3*u. Let a(q) = 6 - q**2 - 6*q + 0 - 5. Give a(u).
6
Let n(r) = r**3 - 2*r**2 - r - 4. Suppose 3*p = 6*p + 2*a + 97, 4*p + 101 = 3*a. Let t = 31 + p. Let x be (-6)/4*(0 - t). Calculate n(x).
2
Let t(r) be the second derivative of r**3/6 - r**2 - 7*r. Let l(u) = 5*u + 15. Let n be l(-4). What is t(n)?
-7
Let h(c) = -c**2 + 9*c - 4. Let m be h(9). Let f be (-2)/6*(-10 + 1). Let i(x) = 6*x - x + 0*x + 4 - f*x. Determine i(m).
-4
Let i(t) = -2*t**2 + 16*t - 19. Let m(o) = o**2 - 8*o + 9. Let p(l) = 4*l + 13. Let s be p(-5). Let u(q) = s*m(q) - 3*i(q). Calculate u(7).
1
Let f(n) = -n**3 + 4*n**2 + 4*n. Let i be (-4)/2 + 125 + (0 - 2). Let s = i + -116. Determine f(s).
-5
Let s(r) = -r**3 - 6*r**2 - r + 2. Suppose -10*p = -9*p - 55. Let z = p - 61. Determine s(z).
8
Let b(t) be the second derivative of -t**3/3 - 3*t**2 + 3*t - 4. Determine b(9).
-24
Suppose 4 = -o + 6. Let s(r) = 6 - 1 - r + 2*r + o*r - r**2. What is s(5)?
-5
Let z(c) = c**2 - 3*c + 0 - 2*c - 2*c + 1. Let o(w) = 2*w**2 - 15*w + 3. Let l(y) = -2*o(y) + 5*z(y). What is l(4)?
-5
Let q(c) = 2*c**3 - 4*c**2 - c + 4. Let j = 159 - 156. What is q(j)?
19
Let s(b) = 1 - 9*b + 6*b - 4 - 5*b + 1. Determine s(-5).
38
Let d(v) = 4*v**2 - 1. Let a(q) = q + 19. Let p be a(-20). Calculate d(p).
3
Let f(o) be the second derivative of o**4/12 + 7*o**3/6 + 3*o**2 + 9*o. Suppose -3*p - 5*h = -2*h, -4*h + 35 = -3*p. What is f(p)?
-4
Let u(m) = 3*m**3 - 5*m**2 + 6*m - 4. Let i be u(2). Let d = -11 + i. Let n(a) = -4*a**3 + 2*a**2 - a. Give n(d).
-3
Let m(v) = -v**3 + 8*v**2 + 21*v - 4. Let l be ((-1)/(-1))/((-118)/20 + 6). Determine m(l).
6
Let s(d) = 3*d**3 + 25*d**2 + 49*d + 7. Let p(v) = -2*v**3 - 17*v**2 - 33*v - 5. Let h(x) = -8*p(x) - 5*s(x). Give h(-9).
-4
Let y(i) = 8*i + 2. Let m(h) = 13*h + 0 - 2 - 14*h. Let w(c) = 5*c + 8. Let s(z) = 9*m(z) + 2*w(z). Let q be s(0). Give y(q).
-14
Suppose z = -4*q - 0*z - 357, -25 = 5*z. Let